= -w*u, 5*u + 3*j = 321. Is u a multiple of 33?
True
Let x(b) be the third derivative of b**5/60 + b**4/24 - b**3/6 - 5*b**2. Let t be x(2). Suppose -44 = -5*k + 3*r, r + 0*r = -t*k + 52. Is 10 a factor of k?
True
Let w = 288 + -242. Is 8 a factor of w?
False
Suppose 2*i - 4*i = -474. Is i a multiple of 55?
False
Suppose 2*a + 3*r = -0*a + 15922, -23857 = -3*a + 2*r. Suppose 2*u = 2*o + 5938, -4*o + 3*u - a - 3920 = 0. Does 37 divide o/(-40) + 3/(-15)?
True
Suppose -4*o = -4*s + 656 + 512, 0 = 3*o. Does 23 divide (s/((-12)/3))/(-1)?
False
Suppose -11*r = -16*r + 20, -2*l = 4*r - 28. Is l a multiple of 6?
True
Suppose 0*h - 4*h = 0. Suppose 0 = -a + 2 - h. Suppose 4*u - 32 = -4*f, 0 = -2*u + a*f + 2*f + 10. Does 4 divide u?
False
Suppose 5*y = -4*n + 125, n - 7*y - 26 = -3*y. Suppose 0*o + i = 2*o + 13, 5*o + 28 = -2*i. Does 20 divide n*o*(-20)/36?
True
Let k = 928 + -677. Does 17 divide k?
False
Let p(z) = -7*z + 38. Is p(-12) a multiple of 15?
False
Suppose -4*g - a + 83 = 0, -2*g + 0*a = -4*a - 64. Suppose 0 = -s - 3*s + 44. Suppose -s - g = -3*t. Is t a multiple of 11?
True
Let c(g) = -g**2 - g + 4. Let n be c(0). Suppose 0*o + n = 3*o + 2*x, 3*o - 5*x = 32. Suppose o*q + 2*z + z = 69, -3*q = 3*z - 54. Does 5 divide q?
True
Suppose 0 = -3*m + 2*m + 2*r, -3*r + 10 = m. Suppose -2*l - m = -3*l. Suppose 111 = l*o + 5*s, -2*s + 3*s + 69 = 3*o. Is 4 a factor of o?
True
Suppose 11*y - 25740 = -11*y. Is 78 a factor of y?
True
Let s = -48 - -50. Suppose -3*c + s*c = -68. Is c a multiple of 7?
False
Let p = 136 - -54. Does 19 divide p?
True
Let z = -614 - -1006. Let i = -233 + z. Is i a multiple of 30?
False
Suppose -4*u + 3169 = -h, -37*u - 3*h = -38*u + 806. Is u a multiple of 44?
False
Suppose -9*o = -4*o - 85. Let i = -14 + o. Suppose -1 = -g - 0, -2*z + i*g + 9 = 0. Is 3 a factor of z?
True
Let n(l) = 2*l + 2. Let c be n(11). Suppose p - c = -p. Is 6 a factor of p?
True
Suppose 3*k - 4*o - 60 = 0, 4*o - 1 = -k - o. Let l = k - 11. Let f(r) = 4*r**2 + 12. Is 34 a factor of f(l)?
False
Let g = -222 + 446. Is g a multiple of 7?
True
Suppose 12*a - 645 = 3. Is a a multiple of 16?
False
Let q = 153 - 83. Let y = q + -35. Is 9 a factor of y?
False
Let r(p) = p**2 - 11*p - 6. Let c be r(11). Is 24 a factor of 177 + c + 3 + -2?
False
Let o(x) = 1916*x**2 + 4*x + 2. Is o(-1) a multiple of 33?
True
Suppose -k = v + 3*k - 31, -3*k - 105 = -4*v. Is 27 a factor of v?
True
Suppose -28*x = -18*x - 18700. Is x a multiple of 34?
True
Suppose 93*c - 72*c = 22260. Is c a multiple of 53?
True
Let b = 112 - -1918. Is 14 a factor of b?
True
Let i be (1/(-2))/(3*(-1)/(-6)). Suppose -5*r + 22 = -63. Is r*(2 + i)*1 a multiple of 6?
False
Is 6 a factor of (185/(-25) - 1)*-15?
True
Let t(l) = -40*l - 138. Does 19 divide t(-12)?
True
Let r(a) = a**2 - 8*a + 15. Let z be 4*3/(-3)*1. Let o(q) = -2*q + 2. Let u be o(z). Does 9 divide r(u)?
False
Let m be 2/(3/(4 - -2)). Suppose m*t - 3*g = 6, -5*g = 3*t + 4 + 6. Suppose t = -5*i - 0*i + 65. Is i a multiple of 13?
True
Suppose 6*j - 14948 = -3626. Does 11 divide j?
False
Is 6/(-39) + 1260/78 a multiple of 4?
True
Suppose 4*j = -3*w + 533, 4*w = -j + 174 - 31. Let x = j + -98. Does 19 divide x?
False
Let x(f) be the third derivative of f**5/30 - f**4/24 + 2*f**3 + 4*f**2. Is 16 a factor of x(9)?
False
Suppose 6*g = 3*j + 8*g - 52, -82 = -5*j - g. Suppose -175 = -4*t - 3*l, -2*l = 2*t - 0*t - 86. Let u = t - j. Does 7 divide u?
False
Let m(n) = 6*n - 1. Let g be m(-5). Let b = 49 + g. Is 5 a factor of b?
False
Suppose 630 = 3*v + 7*v. Suppose -4*g + 9 + v = 0. Is g even?
True
Let d = -172 + 355. Suppose 5*z - 2*z - 5*h - 227 = 0, -2*z + d = 3*h. Is 10 a factor of z?
False
Is ((-8)/(-16))/(1 + 454/(-456)) a multiple of 2?
True
Suppose 276 = 25*d - 24. Is d a multiple of 5?
False
Suppose -15*i + 23*i - 544 = 0. Let x(z) = z**2 - 3*z - 2. Let a be x(6). Suppose -a = -4*j, -b - 7*j = -2*j - i. Is 8 a factor of b?
True
Let o(f) = f**2 + 2*f - 14. Let b be o(-6). Suppose -5*n + b*n = 60. Is 3 a factor of n?
True
Suppose 4*u - 7*u = -12, -3*g + 4*u = -677. Is 8 a factor of g?
False
Let b be (-26)/(-143) - (-20)/11. Suppose 0*g - b*g = 3*m - 943, -g = 1. Suppose -t = -4*t + m. Is 21 a factor of t?
True
Does 11 divide ((176/1)/(-4))/(26/(-91))?
True
Let h = -230 + 298. Is h a multiple of 17?
True
Let y be 2*(-20)/(-8)*1. Suppose -2*w - b = -6, 4*w = -b + 5 + 5. Suppose -y = -w*d + 37. Does 7 divide d?
True
Let v be (2 - -1)/(-3)*-5. Suppose -v*f + 0*f = 3*u - 73, -2*u = -3*f + 59. Does 17 divide f?
True
Let j be 30/12 - (-1)/(-2). Suppose c = -j*c + 66. Is c a multiple of 8?
False
Suppose 26*q = -15*q + 1804. Is q a multiple of 6?
False
Let i(g) = -18*g - 6. Let w = -35 - -34. Is 5 a factor of i(w)?
False
Suppose n - 3 = -14. Let v = 7 - n. Does 13 divide v?
False
Let p(a) = 3*a**3 - a**2 + 1. Let v(i) = -i**2 + 3*i - 1. Let m be v(2). Let k be p(m). Is (-14 + 3)*(k - 4) a multiple of 6?
False
Does 23 divide 4/(-6) - 1917/(-81)?
True
Suppose 4*q - 1451 = -6*v + 3*v, 3*v = 3*q - 1104. Does 70 divide q?
False
Let x = 35 + -24. Let i(u) = -5 - 2 - x - u**2 + 3*u**2 + 6*u. Is 18 a factor of i(-6)?
True
Let u(m) = -3*m**3 - 13*m**2 - 10*m + 2*m**3 + 15 - 1. Does 10 divide u(-13)?
False
Let v(u) = u**3 + 6*u**2 - 2*u. Suppose 4*t - 5*k + 5 = -4, 0 = 4*t + 4*k + 36. Is 4 a factor of v(t)?
True
Suppose 3*n + 3*g = 426, 0*n - 3*n + 3*g + 444 = 0. Suppose -2*b + 101 + 63 = 0. Let r = n - b. Is r a multiple of 13?
False
Suppose -194 - 1361 = -5*j. Is j a multiple of 16?
False
Suppose -2*s = 78 - 80. Is 38 a factor of 15477/49 - s/(-7)?
False
Suppose -4*r = -2*i + 116, 4*i - 259 + 39 = 2*r. Let j = i - 29. Is j a multiple of 3?
False
Let j(w) = w**3 - 4*w + 3. Let t = 45 - 43. Is j(t) even?
False
Let o(m) = 121*m**2 - m + 1. Let u be o(1). Let w = u + 95. Does 42 divide w?
False
Suppose 446 = 4*g + 30. Is g/(-65)*5/(-2) a multiple of 4?
True
Suppose -30 = -y + d - 2*d, -2*d - 40 = -2*y. Let o = -14 + y. Is 13 a factor of 13/2*(-5 + o)?
True
Let z be ((-20)/6 - -2)*-3. Suppose -d - d = z*p - 572, -4*p = 4*d - 1152. Suppose -6*h = -d + 2. Is 16 a factor of h?
True
Suppose 54*p - 215 = 7723. Is p a multiple of 21?
True
Suppose 0 = 7*r - 2*r - 90. Suppose -3*x = m - r - 13, 5*x = 5*m - 155. Is 12 a factor of m?
False
Let s be (54/6)/(0 + 1). Let a be 48/27 - (-2)/s. Suppose -151 = -5*b + a*g + 2*g, -5*b = -2*g - 143. Does 27 divide b?
True
Let h = 1226 - 323. Is 9 a factor of h?
False
Suppose 80 = -5*d + 5*z, d - 4*d - z - 28 = 0. Let v = d - -21. Is v a multiple of 10?
True
Suppose -15*s + 1590 = 255. Let r be (1/1)/(-1) - 60. Let o = s + r. Does 12 divide o?
False
Let v(d) = -1 - 10*d**2 - 8*d + 39*d**2 + 11*d. Is 18 a factor of v(-2)?
False
Let d(a) = -a**3 - 5*a**2 - 6*a - 5. Let i be d(-3). Is (-160)/((-4 - -9)/i) a multiple of 13?
False
Let d(t) = t**2 + 7*t - 16. Let x be d(2). Suppose -h - 4*r = -256, 2*h = -2*r + 4*r + 562. Suppose -5*a - p = -267, 5*a - 4*p = -x*p + h. Does 18 divide a?
True
Suppose -4 = 7*d - 9*d. Suppose 0*g = -5*c + 2*g + 31, d*c - 5*g = 4. Is 2 a factor of c?
False
Suppose -4995 = 7*i - 8*i + f, 4*f - 9972 = -2*i. Is 156 a factor of i?
True
Suppose -5*n - 3*p + 19255 - 6941 = 0, 2*p = n - 2468. Is n a multiple of 28?
True
Let m(j) = -2*j**3 + 5*j + 5. Let o be (1/3)/((-4)/60). Is 19 a factor of m(o)?
False
Let w be 3/(-2*3/60). Suppose -5*n - l = -123, -4*n + 7*n + 5*l - 65 = 0. Is 16 a factor of w/n*(-80)/3?
True
Let q be 20/3*(-30)/(-4). Suppose -331 = 7*y - 86. Let r = y + q. Is r a multiple of 4?
False
Suppose 0 = v - u - 2, 3*v + 19 = -5*u - 15. Is 29 a factor of v + (-7467)/(-21) - (-4)/(-7)?
False
Let v be (28/5)/(4/20). Suppose s = v + 62. Is s a multiple of 15?
True
Let k(z) = -z**3 + 10*z**2 - 9*z + 3. Let y be k(9). Is (-3)/y + (-465)/(-3) a multiple of 22?
True
Let s be (24/(-28))/(-2 + (-113)/(-56)). Let w = s + 76. Is w a multiple of 2?
True
Let t(n) = -n**2 - n + 15. Let q be t(5). Is (q/12)/(3/(9*-20)) a multiple of 25?
True
Is 71 a factor of (-134 + 1)*(5 - (3 + 6))?
False
Is 10/95 - 130*(-7)/19 even?
True
Suppose -5*q - 12 + 57 = 0. Let u = -9 + q. Suppose 5*h - 12 - 48 = u. Is h a multiple of 7?
False
Suppose -31*g + 27*g = -1900. Is g a multiple of 11?
False
Suppose 0 = -v + 27 + 145. Suppose -o +